{"id":2051,"date":"2019-04-05T12:18:48","date_gmt":"2019-04-05T12:18:48","guid":{"rendered":"http:\/\/arkahost.com\/?page_id=2051"},"modified":"2021-03-03T19:59:32","modified_gmt":"2021-03-03T19:59:32","slug":"dominios","status":"publish","type":"page","link":"https:\/\/ibizmexico.com.mx\/web\/dominios\/","title":{"rendered":"Dominios"},"content":{"rendered":"<p>[vc_row king_row_type=\u00bbcontainer_full\u00bb king_class=\u00bbpage_title1 sty7&#8243;][vc_column]<h1 class=\"caps\">ENCUENTRA EL NOMBRE PERFECTO PARA TU DOMINIO.\n<em>Gran elecci\u00f3n. Precios bajos. Registre su nombre de dominio perfecto ya<\/em><\/h1><div class=\"serch_area\"><div class=\"check-domain-from animated eff-fadeIn delay-200ms\">\r\n\t\t<form method=\"POST\" class=\"search_domain_form\" data-form=\"direct\" action=\"https:\/\/ibizmexico.com.mx\/clientes\/domainchecker.php\">\r\n\t\t<input class=\"enter_email_input domain_input\" name=\"domain_input\" id=\"domain_input\" value=\"\" placeholder=\"Escribe el nombre de tu dominio aqu\u00ed ...\" type=\"text\"\/>\r\n\t\t<input name=\"search_domain\" value=\"BUSCAR DOMINIO\" class=\"input_submit\" type=\"button\"\/>\r\n\t\t<!-- mfunc DOMAIN_SEARCH -->\r\n\t\t<input type=\"hidden\" id=\"security\" name=\"security\" value=\"855e42c9a7\" \/><input type=\"hidden\" name=\"_wp_http_referer\" value=\"\/web\/wp-json\/wp\/v2\/pages\/2051\" \/>\t\t<!-- \/mfunc DOMAIN_SEARCH -->\r\n\t\t<input type=\"hidden\" class=\"domain\" value=\"\" name=\"domain\">\r\n\t\t<input type=\"hidden\" class=\"domains\" name=\"domains[]\" value=\"\">\r\n        <input type=\"hidden\" class=\"domainsregperiod\" name=\"domainsregperiod[]\" value=\"1\">\r\n\r\n\t<\/form>\r\n\t<\/div>\r\n<div id=\"domain_search_results\"><\/div><\/div>\r\n[\/vc_column][\/vc_row][vc_row king_class=\u00bbfeature_section12&#8243;][vc_column width=\u00bb1\/3&#8243; el_class=\u00bbone_fourth\u00bb]\n\t\t<div class=\"king-elements \">\n\t\t\t<div class=\"king-elements-inner\">\n        \t<i class=\"fas fa-check element-icon \"><\/i><h4 class=\"light\">F\u00e1cil configuraci\u00f3n de dominio sin necesidad de habilidades t\u00e9cnicas<\/h4>\t\t\t<\/div>\n        <\/div>\n\n\t<div class=\"clearfix margin_top4\"><\/div>\n\t\t<div class=\"king-elements \">\n\t\t\t<div class=\"king-elements-inner\">\n        \t<i class=\"fas fa-check element-icon \"><\/i><h4 class=\"light\">Direcci\u00f3n de correo electr\u00f3nico gratuita<\/h4>\t\t\t<\/div>\n        <\/div>\n\n\t[\/vc_column][vc_column width=\u00bb1\/3&#8243; el_class=\u00bbone_fourth\u00bb]\n\t\t<div class=\"king-elements \">\n\t\t\t<div class=\"king-elements-inner\">\n        \t<i class=\"fas fa-check element-icon \"><\/i><h4 class=\"light\">Protecci\u00f3n de privacidad de dominio GRATIS<\/h4>\t\t\t<\/div>\n        <\/div>\n\n\t<div class=\"clearfix margin_top4\"><\/div>\n\t\t<div class=\"king-elements \">\n\t\t\t<div class=\"king-elements-inner\">\n        \t<i class=\"fas fa-check element-icon \"><\/i><h4 class=\"light\">Subdominios ilimitados<\/h4>\t\t\t<\/div>\n        <\/div>\n\n\t[\/vc_column][vc_column width=\u00bb1\/3&#8243; el_class=\u00bbone_fourth\u00bb]\n\t\t<div class=\"king-elements \">\n\t\t\t<div class=\"king-elements-inner\">\n        \t<i class=\"fas fa-check element-icon \"><\/i><h4 class=\"light\">Controles de DNS avanzados<\/h4>\t\t\t<\/div>\n        <\/div>\n\n\t<div class=\"clearfix margin_top4\"><\/div>\n\t\t<div class=\"king-elements \">\n\t\t\t<div class=\"king-elements-inner\">\n        \t<i class=\"fas fa-check element-icon \"><\/i><h4 class=\"light\">Soporte gratuito 24\/7\/365 <\/h4>\t\t\t<\/div>\n        <\/div>\n\n\t[\/vc_column][\/vc_row][vc_row king_class=\u00bbfeature_section11&#8243;][vc_column]<h1 class=\"caps\"><strong>Precios de dominio<\/strong><\/h1><h5 class=\"less1 light\">Protege tu nombre personal o el de tu empresa y obten un identificador f\u00e1cil de recordar para utilizarlo en Internet.<\/h5><div class=\"clearfix margin_top5\"><\/div>[vc_tabs interval=\u00bb0&#8243; type=\u00bbtabs\u00bb][vc_tab title=\u00bbNuevos Dominios\u00bb tab_id=\u00bbdef1442374575-2-67&#8243;][vc_row_inner][vc_column_inner el_class=\u00bbdomlist1&#8243; width=\u00bb1\/6&#8243;][vc_column_text]<\/p>\n<ul>\n<li class=\"title\">\n<h6 class=\"caps gray\"><strong>Extensi\u00f3n de Dominio<\/strong><\/h6>\n<\/li>\n<li><strong>.com<\/strong><\/li>\n<li><strong>.net<\/strong><\/li>\n<li><strong>.org<\/strong><\/li>\n<li><strong>.com.mx<\/strong><\/li>\n<li><strong>.org.mx<\/strong><\/li>\n<li><strong>.mx<\/strong><\/li>\n<\/ul>\n<p>[\/vc_column_text][\/vc_column_inner][vc_column_inner el_class=\u00bbdomlist1&#8243; width=\u00bb1\/6&#8243;][vc_column_text]<\/p>\n<ul>\n<li class=\"title\">\n<h6 class=\"caps gray\"><strong>1 A\u00f1o<\/strong><\/h6>\n<\/li>\n<li>$300<\/li>\n<li>$300<\/li>\n<li>$300<\/li>\n<li>$300<\/li>\n<li>$300<\/li>\n<li>$800<\/li>\n<\/ul>\n<p>[\/vc_column_text][\/vc_column_inner][vc_column_inner el_class=\u00bbdomlist1 last\u00bb width=\u00bb1\/6&#8243;][vc_column_text]<\/p>\n<ul>\n<li class=\"title\">\n<h6 class=\"caps gray\"><strong>Gratis con un plan de Hospedaje Web<\/strong><\/h6>\n<\/li>\n<li>\n<div class=\"fas fa-check fa-lg sitecolor\"><\/div>\n<\/li>\n<li>&#8211;<\/li>\n<li>&#8211;<\/li>\n<li>\n<div class=\"fas fa-check fa-lg sitecolor\"><\/div>\n<\/li>\n<li>&#8211;<\/li>\n<li>&#8211;<\/li>\n<\/ul>\n<p>[\/vc_column_text][\/vc_column_inner][\/vc_row_inner][\/vc_tab][\/vc_tabs][\/vc_column][\/vc_row][vc_row king_class=\u00bbfeature_section9&#8243;][vc_column]<h1 class=\"caps\"><strong>\nFAQ - \u00bfPreguntas? \u00a1Tenemos respuestas!\n<\/strong><\/h1><div class=\"clearfix margin_top3\"><\/div>[vc_row_inner][vc_column_inner el_class=\u00bbone_half\u00bb width=\u00bb1\/2&#8243;][vc_column_text el_class=\u00bbbox\u00bb]<\/p>\n<h4 class=\"caps\"><strong>\u00bfQu\u00e9 es un dominio?<\/strong><\/h4>\n<p class=\"bigtfont\">Por definici\u00f3n, un nombre de dominio es simplemente una forma legible por humanos de una direcci\u00f3n IP. En funci\u00f3n, es el destino que escribe en un navegador web para visitar un sitio web.<\/p>\n<p>[\/vc_column_text][vc_column_text el_class=\u00bbbox\u00bb]<\/p>\n<h4 class=\"caps\"><strong>\u00bfPara que me sirve un dominio?<\/strong><\/h4>\n<p class=\"bigtfont\">Un dominio le abre la puerta a usted y a su empresa al mundo del Internet,\u00a0 permiti\u00e9ndole que su informaci\u00f3n, productos o servicios sean accesibles a millones de personas en todo el mundo a trav\u00e9s de la red.<\/p>\n<p>[\/vc_column_text][\/vc_column_inner][vc_column_inner el_class=\u00bbone_half last\u00bb width=\u00bb1\/2&#8243;][vc_column_text el_class=\u00bbbox\u00bb]<\/p>\n<h4 class=\"caps\"><strong>\u00bfC\u00f3mo compro un nombre de dominio?<\/strong><\/h4>\n<p>1. Decidir la extensi\u00f3n de nombre de dominio. La extensi\u00f3n es la parte que se encuentra al final del nombre de dominio; por ejemplo .com, .net, .org o .mx<\/p>\n<p>2. Piensa en lo que te gustar\u00eda colocar antes del punto. Podr\u00eda ser el nombre de tu negocio o tu especialidad.<\/p>\n<p>3. Ingresa el dominio que deseas en el cuadro que se encuentra en la parte superior de esta p\u00e1gina. Este te redirecciona a una p\u00e1gina en donde te indicar\u00e1 si ese dominio en particular est\u00e1 disponible o en su defecto te mostraremos otros que tambi\u00e9n te podr\u00edan gustar.<\/p>\n<p>4. Elige uno, agr\u00e9galo a tu carrito y procede al pago. desde ese momento ser\u00e1s\u00a0 el\u00a0 propietario de tu propio dominio. Siempre y cuando est\u00e9 registrado a tu nombre, nadie m\u00e1s podr\u00e1 usarlo.[\/vc_column_text][\/vc_column_inner][\/vc_row_inner][\/vc_column][\/vc_row]<\/p>\n","protected":false},"excerpt":{"rendered":"<p>[vc_row king_row_type=\u00bbcontainer_full\u00bb king_class=\u00bbpage_title1 sty7&#8243;][vc_column][\/vc_column][\/vc_row][vc_row king_class=\u00bbfeature_section12&#8243;][vc_column width=\u00bb1\/3&#8243; el_class=\u00bbone_fourth\u00bb][\/vc_column][vc_column width=\u00bb1\/3&#8243; el_class=\u00bbone_fourth\u00bb][\/vc_column][vc_column width=\u00bb1\/3&#8243; el_class=\u00bbone_fourth\u00bb][\/vc_column][\/vc_row][vc_row king_class=\u00bbfeature_section11&#8243;][vc_column][vc_tabs interval=\u00bb0&#8243; type=\u00bbtabs\u00bb][vc_tab title=\u00bbNuevos Dominios\u00bb tab_id=\u00bbdef1442374575-2-67&#8243;][vc_row_inner][vc_column_inner el_class=\u00bbdomlist1&#8243; width=\u00bb1\/6&#8243;][vc_column_text] Extensi\u00f3n de Dominio .com .net .org .com.mx .org.mx .mx [\/vc_column_text][\/vc_column_inner][vc_column_inner el_class=\u00bbdomlist1&#8243; width=\u00bb1\/6&#8243;][vc_column_text] 1 A\u00f1o $300 $300 $300 $300 $300 $800 [\/vc_column_text][\/vc_column_inner][vc_column_inner el_class=\u00bbdomlist1 last\u00bb width=\u00bb1\/6&#8243;][vc_column_text] Gratis con un plan de Hospedaje Web &#8211; &#8211; &#8211; &#8211; [\/vc_column_text][\/vc_column_inner][\/vc_row_inner][\/vc_tab][\/vc_tabs][\/vc_column][\/vc_row][vc_row [&hellip;]<\/p>\n","protected":false},"author":1,"featured_media":0,"parent":0,"menu_order":0,"comment_status":"closed","ping_status":"closed","template":"templates\/page-full.php","meta":{"footnotes":""},"class_list":["post-2051","page","type-page","status-publish","hentry"],"_links":{"self":[{"href":"https:\/\/ibizmexico.com.mx\/web\/wp-json\/wp\/v2\/pages\/2051","targetHints":{"allow":["GET"]}}],"collection":[{"href":"https:\/\/ibizmexico.com.mx\/web\/wp-json\/wp\/v2\/pages"}],"about":[{"href":"https:\/\/ibizmexico.com.mx\/web\/wp-json\/wp\/v2\/types\/page"}],"author":[{"embeddable":true,"href":"https:\/\/ibizmexico.com.mx\/web\/wp-json\/wp\/v2\/users\/1"}],"replies":[{"embeddable":true,"href":"https:\/\/ibizmexico.com.mx\/web\/wp-json\/wp\/v2\/comments?post=2051"}],"version-history":[{"count":26,"href":"https:\/\/ibizmexico.com.mx\/web\/wp-json\/wp\/v2\/pages\/2051\/revisions"}],"predecessor-version":[{"id":2470,"href":"https:\/\/ibizmexico.com.mx\/web\/wp-json\/wp\/v2\/pages\/2051\/revisions\/2470"}],"wp:attachment":[{"href":"https:\/\/ibizmexico.com.mx\/web\/wp-json\/wp\/v2\/media?parent=2051"}],"curies":[{"name":"wp","href":"https:\/\/api.w.org\/{rel}","templated":true}]}}