{"id":3,"date":"2021-02-17T18:24:51","date_gmt":"2021-02-17T18:24:51","guid":{"rendered":"https:\/\/ibizmexico.com.mx\/wordpress\/?page_id=3"},"modified":"2021-03-09T18:25:19","modified_gmt":"2021-03-09T18:25:19","slug":"politica-de-privacidad","status":"publish","type":"page","link":"https:\/\/ibizmexico.com.mx\/web\/politica-de-privacidad\/","title":{"rendered":"Pol\u00edtica de Privacidad"},"content":{"rendered":"\r\n<h2 class=\"wp-block-heading\">\u00a0<\/h2>\r\n<p class=\"light\"><strong>IbizMexico <\/strong>es una empresa comercializadora de Hospedaje Web, Dominios, Dise\u00f1o y Publicidad, que cuenta con 5 servidores, que son administrados con la m\u00e1xima seguridad y confiabilidad por una importante compa\u00f1\u00eda en Estados Unidos, dedicada exclusivamente a la administraci\u00f3n de SERVIDORES en San Diego California. Contando con datacenter especializados y una infraestructura de 20,000 pies cuadrados, adem\u00e1s de un equipo de soporte t\u00e9cnico que monitorea su funcionamiento las 24 hrs. del d\u00eda los 365 d\u00edas del a\u00f1o.<\/p>\r\n<p>En ibizMexico nos importa su privacidad. Es por esto que recopilamos y usamos su informaci\u00f3n personal solo conforme sea necesario para ofrecer nuestros productos, servicios y sitios web y para comunicarnos con usted al respecto, o seg\u00fan usted lo haya solicitado nuestros Servicios. Su informaci\u00f3n personal incluye lo siguiente:<\/p>\r\n<ul>\r\n<li>Nombre<\/li>\r\n<li>Direcci\u00f3n<\/li>\r\n<li>N\u00famero telef\u00f3nico<\/li>\r\n<li>Fecha de nacimiento<\/li>\r\n<li>Direcci\u00f3n de correo electr\u00f3nico<\/li>\r\n<li>Informaci\u00f3n de facturaci\u00f3n y pago<\/li>\r\n<li>Otros datos recopilados que lo podr\u00edan identificar directa o indirectamente.<\/li>\r\n<\/ul>\r\n<p>Nuestra Pol\u00edtica de privacidad no solo explica c\u00f3mo y por qu\u00e9 usamos la informaci\u00f3n personal que recopilamos, sino tambi\u00e9n c\u00f3mo puede acceder, actualizar o por lo dem\u00e1s asumir el control de su informaci\u00f3n personal.\u00a0<\/p>\r\n<p>Si en alg\u00fan momento tiene preguntas sobre nuestras pr\u00e1cticas o cualquiera de sus derechos que se detallan a continuaci\u00f3n, se puede dirigir a soporte5@ibizmexico.com.mx, a nuestro n\u00famero telef\u00f3nico (+52) 33 3496 5883 o desde nuestra web https:\/\/ibizmexico.com.mx en el area de <a href=\"https:\/\/ibizmexico.com.mx\/web\/servicios\/contact\/\">Soporte<\/a> para comunicarse con nuestro equipo dedicado que brinda asistencia t\u00e9cnica a esta oficina 24\/7\/365. Controlamos y manejamos activamente esta bandeja de entrada para poder brindarle una experiencia en la que puede confiar con seguridad.<\/p>\r\n\r\n\r\n\r\n<p>Nuestro sitio Web: <a href=\"https:\/\/ibizmexico.com.mx\/\">https:\/\/ibizmexico.com.mx\/<\/a><\/p>\r\n\r\n\r\n\r\n<h2 class=\"wp-block-heading\">Qu\u00e9 datos personales recopilamos y porque los recopilamos<\/h2>\r\n<p>Mucha de la que probablemente considere informaci\u00f3n personal se obtiene directamente de usted:<\/p>\r\n<ol type=\"i\">\r\n<li>Al crear una cuenta o adquiere cualquiera de nuestros Servicios (p. ej.: informaci\u00f3n sobre facturaci\u00f3n, incluido el nombre, la direcci\u00f3n, el n\u00famero de tarjeta de cr\u00e9dito, la identificaci\u00f3n gubernamental);<\/li>\r\n<li>Al solicitar ayuda al equipo de atenci\u00f3n al cliente (p. ej.: n\u00famero de tel\u00e9fono);<\/li>\r\n<li>Al completar formularios de contacto o solicita boletines informativos u otra informaci\u00f3n (p. ej.: correo electr\u00f3nico).<\/li>\r\n<\/ol>\r\n<p>No obstante, tambi\u00e9n obtenemos informaci\u00f3n adicional cuando le entregamos nuestros Servicios para garantizar el funcionamiento necesario y \u00f3ptimo. Es posible que estos m\u00e9todos de obtenci\u00f3n no sean tan obvios para usted. Es por ello que pensamos en resaltar y explicar un poco m\u00e1s c\u00f3mo podr\u00edan ser (ya que var\u00eda peri\u00f3dicamente):<\/p>\r\n<p><strong>Las cookies y las tecnolog\u00edas similares <\/strong>en nuestros sitios web y en nuestras aplicaciones m\u00f3viles nos permiten hacer el seguimiento de su comportamiento de navegaci\u00f3n, saber a qu\u00e9 enlaces hace clic, qu\u00e9 productos compr\u00f3, su tipo de dispositivo y obtener varios datos, incluidos los anal\u00edticos, acerca de c\u00f3mo usa e interact\u00faa con nuestros Servicios. Estas tecnolog\u00edas recopilan datos autom\u00e1ticamente cuando usa e interact\u00faa con nuestros Servicios, incluidos los metadatos, los archivos de registro, la ID de las cookies\/los dispositivos, el tiempo de carga de la p\u00e1gina, el tiempo de respuesta del servidor, y la informaci\u00f3n de la ubicaci\u00f3n aproximada para medir el desempe\u00f1o del sitio web y mejorar nuestros sistemas. Incluye la optimizaci\u00f3n de la resoluci\u00f3n del DNS, el enrutamiento de la red y las configuraciones del servidor. Espec\u00edficamente, se recopilan las interacciones con las funciones, el contenido y los enlaces (incluidos los de terceros, como los complementos de medios sociales) que est\u00e1n dentro de los Servicios, la direcci\u00f3n del Protocolo de internet (IP), el tipo y las configuraciones del navegador, la fecha y hora en que se usaron los Servicios, la informaci\u00f3n acerca de la configuraci\u00f3n y los complementos del navegador, las preferencias de idioma y los datos de las cookies, la informaci\u00f3n acerca de los dispositivos para acceder a los Servicios, incluido el tipo de dispositivo, el sistema operativo que se usa, las configuraciones del dispositivo, las ID de la aplicaci\u00f3n, los identificadores \u00fanicos de dispositivo y datos de error. Todo esto nos permite ofrecerle productos m\u00e1s relevantes, una mejor experiencia en nuestros sitios y aplicaciones m\u00f3viles, y recopilar, analizar y mejorar el desempe\u00f1o de nuestros Servicios. Tambi\u00e9n podemos obtener su ubicaci\u00f3n (direcci\u00f3n IP) para personalizar nuestros Servicios.<\/p>\r\n<p>&nbsp;<\/p>\r\n<h2 id=\"tw-target-text\" class=\"tw-data-text tw-text-large XcVN5d tw-ta\" dir=\"ltr\" data-placeholder=\"Traducci\u00f3n\"><span lang=\"es\">Cu\u00e1nto tiempo conservamos sus datos<\/span><\/h2>\r\n<p>\r\n\r\n<\/p>\r\n<p class=\"tw-data-text tw-text-large XcVN5d tw-ta\" dir=\"ltr\" data-placeholder=\"Traducci\u00f3n\"><span lang=\"es\">Si deja un comentario, el comentario y sus metadatos se conservan indefinidamente,<\/span><span lang=\"es\">\u00a0puede optar por guardar su nombre, direcci\u00f3n de correo electr\u00f3nico y sitio web en cookies. Estos son para su conveniencia para que no tenga que volver a completar sus datos cuando deje otro comentario. Estas cookies durar\u00e1n un a\u00f1o. Si visita nuestra p\u00e1gina de inicio de sesi\u00f3n, configuraremos una cookie temporal para determinar si su navegador acepta cookies. Esta cookie no contiene datos personales y se descarta cuando cierra su navegador. Cuando inicie sesi\u00f3n, tambi\u00e9n configuraremos varias cookies para guardar su informaci\u00f3n de inicio de sesi\u00f3n y sus opciones de visualizaci\u00f3n de pantalla. Las cookies de inicio de sesi\u00f3n duran dos d\u00edas y las cookies de opciones de pantalla duran un a\u00f1o. Si selecciona \u00abRecordarme\u00bb, su inicio de sesi\u00f3n se mantendr\u00e1 durante dos semanas. Si cierra sesi\u00f3n en su cuenta, se eliminar\u00e1n las cookies de inicio de sesi\u00f3n. Si edita o publica un art\u00edculo, se guardar\u00e1 una cookie adicional en su navegador. Esta cookie no incluye datos personales y simplemente indica el ID de publicaci\u00f3n del art\u00edculo que acaba de editar. Caduca despu\u00e9s de 1 d\u00eda.<\/span><\/p>\r\n<p>\r\n\r\n<\/p>\r\n<p id=\"tw-target-text\" class=\"tw-data-text tw-text-large XcVN5d tw-ta\" dir=\"ltr\" data-placeholder=\"Traducci\u00f3n\"><span lang=\"es\">Esto es para que podamos reconocer y aprobar cualquier comentario de seguimiento autom\u00e1ticamente en lugar de mantenerlos en una cola de moderaci\u00f3n. Para los usuarios que se registran en nuestro sitio web (si corresponde), tambi\u00e9n almacenamos la informaci\u00f3n personal que proporcionan en su perfil de usuario. Todos los usuarios pueden ver, editar o eliminar su informaci\u00f3n personal en cualquier momento (excepto que no pueden cambiar su nombre de usuario). Los administradores del sitio web tambi\u00e9n pueden ver y editar esa informaci\u00f3n.<\/span><\/p>\r\n<h2 class=\"wp-block-heading\" dir=\"ltr\" data-placeholder=\"Traducci\u00f3n\"><strong><span class=\"h2\">C\u00f3mo utilizamos la informaci\u00f3n.<\/span><\/strong><\/h2>\r\n<p>Creemos firmemente en minimizar los datos que recopilamos y en limitar su uso y finalidad solo para los que se nos ha otorgado permiso, en la medida que sea necesario para entregar los Servicios que compra o interact\u00faa, o\u00a0 en la medida que nos sea requerido o permitido para cumplir con las obligaciones legales u otros fines l\u00edcitos:<\/p>\r\n<p><strong>Entrega, mejora, actualizaci\u00f3n y ampliaci\u00f3n de nuestros Servicios.<\/strong>\u00a0Obtenemos informaci\u00f3n variada con relaci\u00f3n a su compra, uso y\/o interacciones con nuestros Servicios. Usamos esta informaci\u00f3n para:<\/p>\r\n<ul>\r\n<li>Mejorar y optimizar la operaci\u00f3n y el desempe\u00f1o de nuestros Servicios (nuevamente, incluye nuestros sitios web y aplicaciones m\u00f3viles)<\/li>\r\n<li>Diagnosticar problemas de los riesgos de seguridad y cumplimiento, los errores o las mejoras necesarias para los Servicios, e identificarlos.<\/li>\r\n<li>Detectar y evitar fraudes y abusos de nuestros Servicios y sistemas<\/li>\r\n<li>Obtener estad\u00edsticas globales sobre el uso de los Servicios<\/li>\r\n<li>Entender y analizar c\u00f3mo utiliza nuestros Servicios y cu\u00e1les son los productos y servicios m\u00e1s importantes para usted.<\/li>\r\n<\/ul>\r\n<p>Gran parte de los datos recopilados son datos compilados o estad\u00edsticos sobre el modo en que las personas usan nuestros Servicios y no est\u00e1n vinculados con ning\u00fan tipo de informaci\u00f3n personal.<\/p>\r\n<p><strong>Compartir con terceros de confianza.<\/strong>\u00a0Podemos compartir su informaci\u00f3n personal con empresas afiliadas dentro de nuestra familia corporativa, con terceros con los que nos hemos asociado para que usted pueda integrar los servicios de ellos dentro de nuestros propios Servicios y con terceros de confianza y proveedores de servicio en la medida que sea necesario para que presten servicios en nuestro nombre, como:<\/p>\r\n<ul>\r\n<li>Procesamiento de pagos con tarjeta de cr\u00e9dito<\/li>\r\n<li>Ofrecer publicidad<\/li>\r\n<li>Organizaci\u00f3n de concursos o encuestas<\/li>\r\n<li>An\u00e1lisis de desempe\u00f1o de nuestros Servicios y datos demogr\u00e1ficos de los clientes<\/li>\r\n<li>Comunicaciones con usted por correo electr\u00f3nico o entrega de encuestas<\/li>\r\n<li>Administraci\u00f3n de relaciones con el cliente<\/li>\r\n<li>Seguridad, gesti\u00f3n y cumplimiento del riesgo<\/li>\r\n<li>Contrataci\u00f3n de asistencia t\u00e9cnica y servicios relacionados.<\/li>\r\n<\/ul>\r\n<p>Estos terceros (y cualquier subcontratista que se les permita utilizar) han acordado no compartir, utilizar o retener su informaci\u00f3n personal para cualquier otro prop\u00f3sito que no sea el necesario para la prestaci\u00f3n de los Servicios.<\/p>\r\n<p>Tambi\u00e9n revelaremos su informaci\u00f3n a terceros:<\/p>\r\n<ul>\r\n<li>en el caso de que vendamos o compremos cualquier negocio o activo (ya sea como resultado de una liquidaci\u00f3n, bancarrota o de otro modo), en cuyo caso revelaremos sus datos al posible vendedor o comprador de dicho negocio o activo; o<\/li>\r\n<li>si vendemos, compramos, fusionamos, somos adquiridos por, o nos asociamos con otras compa\u00f1\u00edas o negocios, o vendemos algunos o todos nuestros activos. En esas transacciones, su informaci\u00f3n puede estar entre los bienes transferidos.<\/li>\r\n<\/ul>\r\n<h2><strong><span class=\"h2\">C\u00f3mo aseguramos, almacenamos y retenemos sus datos.<\/span><\/strong><\/h2>\r\n<p>Seguimos est\u00e1ndares generalmente aceptados para almacenar y proteger la informaci\u00f3n personal que recopilamos durante la transmisi\u00f3n y una vez recibidos y almacenados, incluida la utilizaci\u00f3n de cifrado cuando corresponda.<\/p>\r\n<p>Conservamos la informaci\u00f3n personal solo durante el tiempo necesario para proporcionar los Servicios que ha solicitado y en lo sucesivo para diversos fines legales o comerciales. Esto podr\u00eda incluir per\u00edodos de retenci\u00f3n:<\/p>\r\n<ul>\r\n<li>exigidos por ley, por contrato o por obligaciones similares aplicables a nuestras operaciones comerciales;<\/li>\r\n<li>para preservar, resolver, defender o hacer cumplir nuestros derechos legales\/contractuales; o<\/li>\r\n<li>necesarios para llevar registros comerciales y econ\u00f3micos que sean adecuados y exactos.<\/li>\r\n<\/ul>\r\n<h2><strong><span class=\"h2\">C\u00f3mo puede acceder, actualizar o eliminar sus datos.<\/span><\/strong><\/h2>\r\n<p>Para acceder, ver, actualizar, eliminar o realizar la portabilidad de su informaci\u00f3n personal con facilidad, o para actualizar sus preferencias de suscripci\u00f3n, inicie sesi\u00f3n en su cuenta y visite la configuraci\u00f3n de su cuenta.\u00a0<\/p>\r\n<p>Si solicita eliminar su informaci\u00f3n personal y esos datos son necesarios para los productos o servicios que adquiri\u00f3, la solicitud se aceptar\u00e1 solo en la medida que ya no sean necesarios para ninguno de los Servicios adquiridos ni requeridos para nuestros fines comerciales leg\u00edtimos ni para los requisitos legales o contractuales de conservaci\u00f3n de registros.<\/p>\r\n<p>Si por cualquier motivo no puede acceder a su Configuraci\u00f3n de cuenta o a nuestra \u00c1rea de Clientes, tambi\u00e9n se podr\u00e1 comunicar con nosotros en la secci\u00f3n <a href=\"https:\/\/ibizmexico.com.mx\/web\/servicios\/contact\/\">Soporte<\/a> ubicada en la parte superior de nuestra p\u00e1gina <a href=\"https:\/\/ibizmexico.com.mx\/\">https:\/\/ibizmexico.com.mx\/\u00a0<\/a> o al n\u00famero de tel\u00e9fono (+52) 33 3496 5883.<\/p>\r\n<h2><strong><span class=\"h2\">Comun\u00edquese con nosotros.<\/span><\/strong><\/h2>\r\n<p>Si tiene alguna pregunta relacionada con la privacidad, inquietud o queja acerca de nuestra Pol\u00edtica de privacidad, nuestras pr\u00e1cticas o nuestros Servicios, comun\u00edquese con nosotros por correo electr\u00f3nico a soporte5@ibizmexico.com.mx Como alternativa, se puede comunicar con nosotros a trav\u00e9s de los siguientes medios:<\/p>\r\n<ul>\r\n<li><u>En nuestras oficinas<\/u>: Av Industria Textil 44_26, Villas de Zapopan, 45130 Zapopan, Jal., M\u00e9xico.<\/li>\r\n<li><u>Nuestra Web<\/u>: Contacto <a href=\"https:\/\/ibizmexico.com.mx\/web\/servicios\/contact\/\">ibizMexico<\/a><\/li>\r\n<li><u>Por tel\u00e9fono<\/u>: (+52) 33 3496 5883<\/li>\r\n<\/ul>\r\n<p><em>Responderemos todos los pedidos, preguntas y preocupaciones dentro de un plazo de 30 (treinta) d\u00edas.<\/em><\/p>\r\n","protected":false},"excerpt":{"rendered":"<p>\u00a0 IbizMexico es una empresa comercializadora de Hospedaje Web, Dominios, Dise\u00f1o y Publicidad, que cuenta con 5 servidores, que son administrados con la m\u00e1xima seguridad y confiabilidad por una importante compa\u00f1\u00eda en Estados Unidos, dedicada exclusivamente a la administraci\u00f3n de SERVIDORES en San Diego California. Contando con datacenter especializados y una infraestructura de 20,000 pies [&hellip;]<\/p>\n","protected":false},"author":1,"featured_media":0,"parent":0,"menu_order":0,"comment_status":"closed","ping_status":"closed","template":"","meta":{"footnotes":""},"class_list":["post-3","page","type-page","status-publish","hentry"],"_links":{"self":[{"href":"https:\/\/ibizmexico.com.mx\/web\/wp-json\/wp\/v2\/pages\/3","targetHints":{"allow":["GET"]}}],"collection":[{"href":"https:\/\/ibizmexico.com.mx\/web\/wp-json\/wp\/v2\/pages"}],"about":[{"href":"https:\/\/ibizmexico.com.mx\/web\/wp-json\/wp\/v2\/types\/page"}],"author":[{"embeddable":true,"href":"https:\/\/ibizmexico.com.mx\/web\/wp-json\/wp\/v2\/users\/1"}],"replies":[{"embeddable":true,"href":"https:\/\/ibizmexico.com.mx\/web\/wp-json\/wp\/v2\/comments?post=3"}],"version-history":[{"count":13,"href":"https:\/\/ibizmexico.com.mx\/web\/wp-json\/wp\/v2\/pages\/3\/revisions"}],"predecessor-version":[{"id":2502,"href":"https:\/\/ibizmexico.com.mx\/web\/wp-json\/wp\/v2\/pages\/3\/revisions\/2502"}],"wp:attachment":[{"href":"https:\/\/ibizmexico.com.mx\/web\/wp-json\/wp\/v2\/media?parent=3"}],"curies":[{"name":"wp","href":"https:\/\/api.w.org\/{rel}","templated":true}]}}